{"id":999,"date":"2018-07-02T18:39:25","date_gmt":"2018-07-02T21:39:25","guid":{"rendered":"https:\/\/isfd814-chu.infd.edu.ar\/sitio\/consejo-institucional\/"},"modified":"2025-08-13T20:45:50","modified_gmt":"2025-08-13T23:45:50","slug":"consejo-institucional","status":"publish","type":"page","link":"https:\/\/isfd814-chu.infd.edu.ar\/sitio\/consejo-institucional\/","title":{"rendered":"Consejo Institucional"},"content":{"rendered":"<p><span style=\"font-size: 12pt;\">1. Directora: Calero, Mar\u00eda de los Angeles<\/span><br \/>\n<span style=\"font-size: 12pt;\">2. Vicedirectora: Durand, Gabriela <\/span><br \/>\n<span style=\"font-size: 12pt;\">3. Secretaria Acad\u00e9mica: Manuel, Natalia<\/span><\/p>\n<h5>En actualizaci\u00f3n<\/h5>\n","protected":false},"excerpt":{"rendered":"<p>1. Directora: Calero, Mar\u00eda de los Angeles 2. Vicedirectora: Durand, Gabriela 3. Secretaria Acad\u00e9mica: Manuel, Natalia En actualizaci\u00f3n<\/p>\n","protected":false},"author":48,"featured_media":0,"parent":0,"menu_order":0,"comment_status":"closed","ping_status":"closed","template":"","meta":[],"acf":[],"_links":{"self":[{"href":"https:\/\/isfd814-chu.infd.edu.ar\/sitio\/wp-json\/wp\/v2\/pages\/999"}],"collection":[{"href":"https:\/\/isfd814-chu.infd.edu.ar\/sitio\/wp-json\/wp\/v2\/pages"}],"about":[{"href":"https:\/\/isfd814-chu.infd.edu.ar\/sitio\/wp-json\/wp\/v2\/types\/page"}],"author":[{"embeddable":true,"href":"https:\/\/isfd814-chu.infd.edu.ar\/sitio\/wp-json\/wp\/v2\/users\/48"}],"replies":[{"embeddable":true,"href":"https:\/\/isfd814-chu.infd.edu.ar\/sitio\/wp-json\/wp\/v2\/comments?post=999"}],"version-history":[{"count":8,"href":"https:\/\/isfd814-chu.infd.edu.ar\/sitio\/wp-json\/wp\/v2\/pages\/999\/revisions"}],"predecessor-version":[{"id":5860,"href":"https:\/\/isfd814-chu.infd.edu.ar\/sitio\/wp-json\/wp\/v2\/pages\/999\/revisions\/5860"}],"wp:attachment":[{"href":"https:\/\/isfd814-chu.infd.edu.ar\/sitio\/wp-json\/wp\/v2\/media?parent=999"}],"curies":[{"name":"wp","href":"https:\/\/api.w.org\/{rel}","templated":true}]}}