{"id":955,"date":"2018-07-02T18:39:07","date_gmt":"2018-07-02T21:39:07","guid":{"rendered":"https:\/\/isfd814-chu.infd.edu.ar\/sitio\/profesorado-de-teatro\/"},"modified":"2023-05-08T20:14:16","modified_gmt":"2023-05-08T23:14:16","slug":"profesorado-de-teatro","status":"publish","type":"page","link":"https:\/\/isfd814-chu.infd.edu.ar\/sitio\/profesorado-de-teatro\/","title":{"rendered":"Profesorado de Teatro"},"content":{"rendered":"<h2 style=\"text-align: center;\"><span style=\"color: #0000ff;\">Profesorado de Teatro<\/span><\/h2>\n<p><span style=\"font-family: Arial, sans-serif;\"><span style=\"font-size: large;\"><i><b>Descripci\u00f3n de la Carrera<\/b><\/i><\/span><\/span><\/p>\n<p><span style=\"font-family: Arial, sans-serif;\"><span style=\"font-size: large;\">Denominaci\u00f3n: Profesorado de Teatro<br \/>Titulo a otorgar: Profesor\/a de Teatro<br \/>Duraci\u00f3n de la carrera: 4 (cuatro) a\u00f1os acad\u00e9micos<br \/>Carga horaria total de la carrera: 4448 horas c\u00e1tedra \/ 2965 horas reloj<br \/>Nivel o modalidad para el cual habilita: Educaci\u00f3n Art\u00edstica; Educaci\u00f3n Inicial, Educaci\u00f3n Primaria, Educaci\u00f3n Secundaria, Educaci\u00f3n Especial<\/span><\/span><\/p>\n<p><span style=\"font-family: Arial, sans-serif;\"><span style=\"font-size: large;\"><i><b>Perfil del\/de la egresado\/a del Profesorado de Teatro<\/b><\/i><\/span><\/span><\/p>\n<p><span style=\"font-family: Arial, sans-serif;\"><span style=\"font-size: large;\"><br \/><\/span><\/span><span style=\"font-family: Arial, sans-serif;\"><span style=\"font-size: large;\">Se entiende que la tarea docente implica un trabajo de intervenci\u00f3n social que, fundada en principios y valores \u00e9ticos y epistemol\u00f3gicos, compromete a quienes la llevan a cabo dentro de un complejo entramado de relaciones sociales, hist\u00f3ricas y pol\u00edticas.<\/span><\/span><\/p>\n<p align=\"left\"><span style=\"font-family: Arial, sans-serif;\"><span style=\"font-size: large;\">El docente desempe\u00f1a su rol en diferentes contextos que lo sit\u00faan ante la complejidad de su pr\u00e1ctica.<\/span><\/span><\/p>\n<p align=\"left\"><span style=\"font-family: Arial, sans-serif;\"><span style=\"font-size: large;\">En relaci\u00f3n a la pr\u00e1ctica pedag\u00f3gica, la actuaci\u00f3n del docente se ubica en tareas espec\u00edficas que integran los procesos de ense\u00f1anza y aprendizaje caracterizados por la complejidad en su imbricaci\u00f3n y el reconocimiento de su especificidad. Por otra parte, la tarea del docente puede caracterizarse<\/span><\/span><\/p>\n<p align=\"left\"><span style=\"font-family: Arial, sans-serif;\"><span style=\"font-size: large;\">como una pr\u00e1ctica social, no s\u00f3lo porque se concreta entre docentes y alumnos sino, b\u00e1sicamente, porque estos actores reflejan la cultura social que es texto de cada uno de ellos, y cuya conducta no puede entenderse abstra\u00edda de sus contextos sociales e hist\u00f3ricos de pertenencia y de producci\u00f3n.<\/span><\/span><\/p>\n<p align=\"left\"><span style=\"font-family: Arial, sans-serif;\"><span style=\"font-size: large;\">La construcci\u00f3n de un perfil docente implica revisar profundamente la formaci\u00f3n del futuro profesor y los modelos internalizados en las distintas fases de socializaci\u00f3n profesional acerca del significado y sentido de la tarea docente en los distintos niveles. La elaboraci\u00f3n de propuestas alternativas se sit\u00faa en la nueva configuraci\u00f3n que adopta la escuela y en la formaci\u00f3n del docente como una de las preocupaciones centrales a abordar.<\/span><\/span><\/p>\n<p align=\"left\"><span style=\"font-family: Arial, sans-serif;\"><span style=\"font-size: large;\">Desde este marco, se pretende construir una propuesta formativa que permita al futuro Docente de Teatro:<\/span><\/span><\/p>\n<p align=\"left\">\u2013 <span style=\"font-family: Arial, sans-serif;\"><span style=\"font-size: large;\">Comprender los elementos gramaticales de los lenguajes teatrales favoreciendo la producci\u00f3n de propuestas pedag\u00f3gicas s\u00f3lidas conceptualmente<\/span><\/span><\/p>\n<p align=\"left\">\u2013 <span style=\"font-family: Arial, sans-serif;\"><span style=\"font-size: large;\">Dominar y reconocer los niveles sint\u00e1cticos, sem\u00e1nticos y pragm\u00e1ticos propios del lenguaje teatral.<\/span><\/span><\/p>\n<p align=\"left\">\u2013 <span style=\"font-family: Arial, sans-serif;\"><span style=\"font-size: large;\">Tener herramientas para realizar producciones grupales<\/span><\/span><\/p>\n<p align=\"left\">\u2013 <span style=\"font-family: Arial, sans-serif;\"><span style=\"font-size: large;\">Incorporar las TICs a sus pr\u00e1cticas pedag\u00f3gicas como herramientas que favorezcan aprendizajes significativos dentro de lenguaje art\u00edstico.<\/span><\/span><\/p>\n<p align=\"left\">\u2013 <span style=\"font-family: Arial, sans-serif;\"><span style=\"font-size: large;\">Favorecer en los estudiantes el desarrollo de las competencias teatrales y su integraci\u00f3n al medio social desde una actitud cr\u00edtica y transformadora del mismo.<\/span><\/span><\/p>\n<p align=\"left\">\u2013 <span style=\"font-family: Arial, sans-serif;\"><span style=\"font-size: large;\">Desarrollar una actitud problematizadora de la realidad con capacidad para resolver situaciones an\u00e1logas, aplicando diversas t\u00e9cnicas del campo art\u00edstico teatral.<\/span><\/span><\/p>\n<p align=\"left\">\u2013 <span style=\"font-family: Arial, sans-serif;\"><span style=\"font-size: large;\">Ser capaz de tomar decisiones en los contextos en los cuales se desempe\u00f1a de manera aut\u00f3noma, responsable y creativa en funci\u00f3n de la pr\u00e1ctica teatral espec\u00edfica.<\/span><\/span><\/p>\n<p align=\"left\">\u2013 <span style=\"font-family: Arial, sans-serif;\"><span style=\"font-size: large;\">Idear, resolver y concretar proyectos de producciones teatrales en situaci\u00f3n de aula y en situaci\u00f3n espectacular.<\/span><\/span><\/p>\n<p align=\"left\">\u2013 <span style=\"font-family: Arial, sans-serif;\"><span style=\"font-size: large;\">Asumir una pr\u00e1ctica pedag\u00f3gica que propicie la utilizaci\u00f3n del cuerpo como medio de expresi\u00f3n y comunicaci\u00f3n<\/span><\/span><\/p>\n<p align=\"left\">\u2013 <span style=\"font-family: Arial, sans-serif;\"><span style=\"font-size: large;\">Producir recursos did\u00e1cticos, seleccionar, y organizar propuestas espec\u00edficas con el lenguaje teatral.<\/span><\/span><\/p>\n<p align=\"left\">\u2013 <span style=\"font-family: Arial, sans-serif;\"><span style=\"font-size: large;\">Investigar su propia pr\u00e1ctica implicando al saber pedag\u00f3gico did\u00e1ctico y al saber disciplinar.<\/span><\/span><\/p>\n<p align=\"left\">\u2013 <span style=\"font-family: Arial, sans-serif;\"><span style=\"font-size: large;\">Valorar el trabajo en grupo como \u00e1mbito de intercambio de experiencias y de conocimientos a fin de fortalecer sus pr\u00e1cticas y la oferta pedag\u00f3gica de la instituci\u00f3n a la cual pertenece.<\/span><\/span><\/p>\n<p align=\"left\">\u2013 <span style=\"font-family: Arial, sans-serif;\"><span style=\"font-size: large;\">Respetar y aceptar la diversidad como un aspecto inherente a la esencia de su pr\u00e1ctica docente.<\/span><\/span><\/p>\n<p><span style=\"font-family: Arial, sans-serif;\"><span style=\"font-size: large;\"><i><b>Dise\u00f1o Curricular<\/b><\/i><\/span><\/span><\/p>\n<p><a href=\"https:\/\/isfd814-chu.infd.edu.ar\/sitio\/wp-content\/uploads\/sitio\/Anexo_I_DC_Profesorado_de_Teatro_1.pdf\">Anexo_I_DC_Profesorado_de_Teatro_1<\/a><\/p>\n<h4 style=\"text-align: center;\">Plan de estudios<\/h4>\n\n\n<figure class=\"wp-block-image size-full\"><img decoding=\"async\" loading=\"lazy\" width=\"816\" height=\"1344\" src=\"https:\/\/isfd814-chu.infd.edu.ar\/sitio\/wp-content\/uploads\/2023\/05\/Teatro-Plan-de-estudios.jpg\" alt=\"\" class=\"wp-image-3393\" srcset=\"https:\/\/isfd814-chu.infd.edu.ar\/sitio\/wp-content\/uploads\/2023\/05\/Teatro-Plan-de-estudios.jpg 816w, https:\/\/isfd814-chu.infd.edu.ar\/sitio\/wp-content\/uploads\/2023\/05\/Teatro-Plan-de-estudios-607x1000.jpg 607w, https:\/\/isfd814-chu.infd.edu.ar\/sitio\/wp-content\/uploads\/2023\/05\/Teatro-Plan-de-estudios-768x1265.jpg 768w\" sizes=\"(max-width: 816px) 100vw, 816px\" \/><\/figure>\n","protected":false},"excerpt":{"rendered":"<p>Profesorado de Teatro Descripci\u00f3n de la Carrera Denominaci\u00f3n: Profesorado de TeatroTitulo a otorgar: Profesor\/a de TeatroDuraci\u00f3n de la carrera: 4 (cuatro) a\u00f1os acad\u00e9micosCarga horaria total de la carrera: 4448 horas c\u00e1tedra \/ 2965 horas relojNivel o modalidad para el cual habilita: Educaci\u00f3n Art\u00edstica; Educaci\u00f3n Inicial, Educaci\u00f3n Primaria, Educaci\u00f3n Secundaria, Educaci\u00f3n Especial Perfil del\/de la egresado\/a &#8230; <a title=\"Profesorado de Teatro\" class=\"read-more\" href=\"https:\/\/isfd814-chu.infd.edu.ar\/sitio\/profesorado-de-teatro\/\" aria-label=\"More on Profesorado de Teatro\">[+]<\/a><\/p>\n","protected":false},"author":57,"featured_media":0,"parent":0,"menu_order":0,"comment_status":"closed","ping_status":"closed","template":"","meta":[],"acf":[],"_links":{"self":[{"href":"https:\/\/isfd814-chu.infd.edu.ar\/sitio\/wp-json\/wp\/v2\/pages\/955"}],"collection":[{"href":"https:\/\/isfd814-chu.infd.edu.ar\/sitio\/wp-json\/wp\/v2\/pages"}],"about":[{"href":"https:\/\/isfd814-chu.infd.edu.ar\/sitio\/wp-json\/wp\/v2\/types\/page"}],"author":[{"embeddable":true,"href":"https:\/\/isfd814-chu.infd.edu.ar\/sitio\/wp-json\/wp\/v2\/users\/57"}],"replies":[{"embeddable":true,"href":"https:\/\/isfd814-chu.infd.edu.ar\/sitio\/wp-json\/wp\/v2\/comments?post=955"}],"version-history":[{"count":5,"href":"https:\/\/isfd814-chu.infd.edu.ar\/sitio\/wp-json\/wp\/v2\/pages\/955\/revisions"}],"predecessor-version":[{"id":3395,"href":"https:\/\/isfd814-chu.infd.edu.ar\/sitio\/wp-json\/wp\/v2\/pages\/955\/revisions\/3395"}],"wp:attachment":[{"href":"https:\/\/isfd814-chu.infd.edu.ar\/sitio\/wp-json\/wp\/v2\/media?parent=955"}],"curies":[{"name":"wp","href":"https:\/\/api.w.org\/{rel}","templated":true}]}}