{"id":951,"date":"2018-07-02T18:39:06","date_gmt":"2018-07-02T21:39:06","guid":{"rendered":"https:\/\/isfd814-chu.infd.edu.ar\/sitio\/profesorado-de-musica\/"},"modified":"2023-05-08T20:04:21","modified_gmt":"2023-05-08T23:04:21","slug":"profesorado-de-musica","status":"publish","type":"page","link":"https:\/\/isfd814-chu.infd.edu.ar\/sitio\/profesorado-de-musica\/","title":{"rendered":"Profesorado de M\u00fasica"},"content":{"rendered":"<h2 style=\"text-align: center;\"><span style=\"color: #333399;\">Profesorado de M\u00fasica<\/span><\/h2>\n<p><span style=\"font-family: Arial, sans-serif;\"><span style=\"font-size: large;\"><i><b>Descripci\u00f3n de la Carrera<\/b><\/i><\/span><\/span><\/p>\n<p><span style=\"font-family: Arial, sans-serif;\"><span style=\"font-size: large;\">Denominaci\u00f3n: Profesorado de M\u00fasica<br \/>Titulo a otorgar: Profesor\/a de M\u00fasica<br \/>Duraci\u00f3n de la carrera: 4 (cuatro) a\u00f1os acad\u00e9micos<br \/>Carga horaria total de la carrera: 4256 horas c\u00e1tedra \/ 2837 horas reloj<br \/>Nivel o modalidad para el cual habilita: Educaci\u00f3n Art\u00edstica; Educaci\u00f3n Inicial, Educaci\u00f3n Primaria, Educaci\u00f3n Secundaria, Educaci\u00f3n Especial<\/span><\/span><\/p>\n<p><span style=\"font-family: Arial, sans-serif;\"><span style=\"font-size: large;\"><i><b>Perfil del\/de la egresado\/a del Profesorado de M\u00fasica<\/b><\/i><\/span><\/span><\/p>\n<p><span style=\"font-family: Arial, sans-serif;\"><span style=\"font-size: large;\">Se entiende que la tarea docente implica un trabajo de intervenci\u00f3n social que, fundada en principios y valores \u00e9ticos y epistemol\u00f3gicos, compromete a quienes la llevan a cabo dentro de un complejo entramado de relaciones sociales, hist\u00f3ricas y pol\u00edticas.<br \/>El docente desempe\u00f1a su rol en diferentes contextos que lo sit\u00faan ante la complejidad de su pr\u00e1ctica.<br \/>En relaci\u00f3n a la pr\u00e1ctica pedag\u00f3gica, la actuaci\u00f3n del docente se ubica en tareas espec\u00edficas que integran los procesos de ense\u00f1anza y de aprendizaje caracterizados por la complejidad en su imbricaci\u00f3n y el reconocimiento de su especificidad. Por otra parte, la tarea del docente puede caracterizarse como una pr\u00e1ctica social, no s\u00f3lo porque se concreta entre docentes y alumnos sino, b\u00e1sicamente, porque estos actores reflejan la cultura social que es texto de cada uno de ellos y cuya conducta no puede entenderse abstra\u00edda de sus contextos sociales e hist\u00f3ricos de pertenencia y de producci\u00f3n.<br \/>La construcci\u00f3n de un perfil docente implica revisar profundamente la formaci\u00f3n del futuro profesor y los modelos internalizados en las distintas fases de socializaci\u00f3n profesional acerca del significado y sentido de la tarea docente en los distintos niveles. La elaboraci\u00f3n de propuestas alternativas se sit\u00faa en la nueva configuraci\u00f3n que adopta la escuela y en la formaci\u00f3n del docente como una de las preocupaciones centrales a abordar.<\/span><\/span><\/p>\n<p><span style=\"font-family: Arial, sans-serif;\"><span style=\"font-size: large;\">Desde este marco, se pretende construir una propuesta formativa que permita al futuro Docente de M\u00fasica:<br \/>\u2013 Contar con el soporte te\u00f3rico y pr\u00e1ctico para el uso de la voz, instrumentos mel\u00f3dicos, arm\u00f3nicos y de percusi\u00f3n.<br \/>\u2013 Dominar los c\u00f3digos de los elementos t\u00e9cnicos del lenguaje musical.<br \/>\u2013 Contar con herramientas para realizar producciones grupales en el contexto \u00e1ulico y en otros contextos<br \/>\u2013 Incorporar las TICs a sus pr\u00e1cticas pedag\u00f3gicas como herramientas que favorezcan aprendizajes significativos dentro de lenguaje art\u00edstico.<br \/>\u2013 Comprender los elementos gramaticales del lenguaje musical favoreciendo la producci\u00f3n de propuestas pedag\u00f3gicas s\u00f3lidas conceptualmente.<br \/>\u2013 Producir recursos did\u00e1cticos, seleccionar, organizar y secuenciar propuestas espec\u00edficas del lenguaje.<br \/>\u2013 Promover un v\u00ednculo pedag\u00f3gico que favorezca la construcci\u00f3n del conocimiento generando el desarrollo de la creatividad, la exploraci\u00f3n, descubrimiento, la interpretaci\u00f3n y producci\u00f3n musical.<br \/>\u2013 Implementar el juego como recurso pedag\u00f3gico que favorezca la construcci\u00f3n del conocimiento.<br \/>\u2013 Contextualizar el lenguaje musical de distintas \u00e9pocas y lugares, como forma de comprender mejor al ser humano, su historia, su manera peculiar de expresarse, de comunicar, de actuar sobre su realidad.<br \/>\u2013 Desarrollar la comprensi\u00f3n del fen\u00f3meno musical como incentivo para actividades integradoras con las otras disciplinas art\u00edsticas.<br \/>\u2013 Concebir el conocimiento como una verdad relativa, producto de la construcci\u00f3n social contextualizada en un momento hist\u00f3rico determinado.<\/span><\/span><\/p>\n<p><span style=\"font-family: Arial, sans-serif;\"><span style=\"font-size: large;\"><i><b>Dise\u00f1o Curricular<\/b><\/i><\/span><\/span><\/p>\n<p><a href=\"https:\/\/isfd814-chu.infd.edu.ar\/sitio\/wp-content\/uploads\/sitio\/Anexo_I_DC_Profesorado_de_Musica_1.pdf\">Anexo_I_DC_Profesorado_de_Musica_1<\/a><\/p>\n<h5 style=\"text-align: center;\">Plan de estudios<\/h5>\n\n\n<figure class=\"wp-block-image size-full\"><img decoding=\"async\" loading=\"lazy\" width=\"816\" height=\"1344\" src=\"https:\/\/isfd814-chu.infd.edu.ar\/sitio\/wp-content\/uploads\/2023\/05\/Musica-Plan-de-estudios.jpg\" alt=\"\" class=\"wp-image-3387\" srcset=\"https:\/\/isfd814-chu.infd.edu.ar\/sitio\/wp-content\/uploads\/2023\/05\/Musica-Plan-de-estudios.jpg 816w, https:\/\/isfd814-chu.infd.edu.ar\/sitio\/wp-content\/uploads\/2023\/05\/Musica-Plan-de-estudios-607x1000.jpg 607w, https:\/\/isfd814-chu.infd.edu.ar\/sitio\/wp-content\/uploads\/2023\/05\/Musica-Plan-de-estudios-768x1265.jpg 768w\" sizes=\"(max-width: 816px) 100vw, 816px\" \/><\/figure>\n","protected":false},"excerpt":{"rendered":"<p>Profesorado de M\u00fasica Descripci\u00f3n de la Carrera Denominaci\u00f3n: Profesorado de M\u00fasicaTitulo a otorgar: Profesor\/a de M\u00fasicaDuraci\u00f3n de la carrera: 4 (cuatro) a\u00f1os acad\u00e9micosCarga horaria total de la carrera: 4256 horas c\u00e1tedra \/ 2837 horas relojNivel o modalidad para el cual habilita: Educaci\u00f3n Art\u00edstica; Educaci\u00f3n Inicial, Educaci\u00f3n Primaria, Educaci\u00f3n Secundaria, Educaci\u00f3n Especial Perfil del\/de la egresado\/a &#8230; <a title=\"Profesorado de M\u00fasica\" class=\"read-more\" href=\"https:\/\/isfd814-chu.infd.edu.ar\/sitio\/profesorado-de-musica\/\" aria-label=\"More on Profesorado de M\u00fasica\">[+]<\/a><\/p>\n","protected":false},"author":48,"featured_media":0,"parent":0,"menu_order":0,"comment_status":"closed","ping_status":"closed","template":"","meta":[],"acf":[],"_links":{"self":[{"href":"https:\/\/isfd814-chu.infd.edu.ar\/sitio\/wp-json\/wp\/v2\/pages\/951"}],"collection":[{"href":"https:\/\/isfd814-chu.infd.edu.ar\/sitio\/wp-json\/wp\/v2\/pages"}],"about":[{"href":"https:\/\/isfd814-chu.infd.edu.ar\/sitio\/wp-json\/wp\/v2\/types\/page"}],"author":[{"embeddable":true,"href":"https:\/\/isfd814-chu.infd.edu.ar\/sitio\/wp-json\/wp\/v2\/users\/48"}],"replies":[{"embeddable":true,"href":"https:\/\/isfd814-chu.infd.edu.ar\/sitio\/wp-json\/wp\/v2\/comments?post=951"}],"version-history":[{"count":16,"href":"https:\/\/isfd814-chu.infd.edu.ar\/sitio\/wp-json\/wp\/v2\/pages\/951\/revisions"}],"predecessor-version":[{"id":3389,"href":"https:\/\/isfd814-chu.infd.edu.ar\/sitio\/wp-json\/wp\/v2\/pages\/951\/revisions\/3389"}],"wp:attachment":[{"href":"https:\/\/isfd814-chu.infd.edu.ar\/sitio\/wp-json\/wp\/v2\/media?parent=951"}],"curies":[{"name":"wp","href":"https:\/\/api.w.org\/{rel}","templated":true}]}}