{"id":3759,"date":"2023-10-11T13:34:23","date_gmt":"2023-10-11T16:34:23","guid":{"rendered":"https:\/\/isfd814-chu.infd.edu.ar\/sitio\/?page_id=3759"},"modified":"2023-12-01T13:14:47","modified_gmt":"2023-12-01T16:14:47","slug":"videos-institucionales","status":"publish","type":"page","link":"https:\/\/isfd814-chu.infd.edu.ar\/sitio\/videos-institucionales\/","title":{"rendered":"Videos Institucionales"},"content":{"rendered":"\n<p>El comienzo de nuestro instituto<\/p>\n\n\n\n<figure class=\"wp-block-embed is-type-video is-provider-youtube wp-block-embed-youtube\"><div class=\"wp-block-embed__wrapper\">\n<iframe loading=\"lazy\" title=\"Instituto 805 - 814\" width=\"1200\" height=\"900\" src=\"https:\/\/www.youtube.com\/embed\/FJtDQsoYFNw?feature=oembed\" frameborder=\"0\" allow=\"accelerometer; autoplay; clipboard-write; encrypted-media; gyroscope; picture-in-picture; web-share\" allowfullscreen><\/iframe>\n<\/div><figcaption class=\"wp-element-caption\">De Anexo del 805 al Instituto 814<\/figcaption><\/figure>\n\n\n\n<p>Banda de Rock, de Percusi\u00f3n y de Vientos en el Bicentenario El Bols\u00f3n<\/p>\n\n\n\n<figure class=\"wp-block-image size-full\"><img decoding=\"async\" loading=\"lazy\" width=\"1600\" height=\"721\" src=\"https:\/\/isfd814-chu.infd.edu.ar\/sitio\/wp-content\/uploads\/2023\/11\/WhatsApp-Image-2023-11-24-at-9.28.48-PM.jpeg\" alt=\"\" class=\"wp-image-3969\" srcset=\"https:\/\/isfd814-chu.infd.edu.ar\/sitio\/wp-content\/uploads\/2023\/11\/WhatsApp-Image-2023-11-24-at-9.28.48-PM.jpeg 1600w, https:\/\/isfd814-chu.infd.edu.ar\/sitio\/wp-content\/uploads\/2023\/11\/WhatsApp-Image-2023-11-24-at-9.28.48-PM-1000x451.jpeg 1000w, https:\/\/isfd814-chu.infd.edu.ar\/sitio\/wp-content\/uploads\/2023\/11\/WhatsApp-Image-2023-11-24-at-9.28.48-PM-768x346.jpeg 768w, https:\/\/isfd814-chu.infd.edu.ar\/sitio\/wp-content\/uploads\/2023\/11\/WhatsApp-Image-2023-11-24-at-9.28.48-PM-1536x692.jpeg 1536w\" sizes=\"(max-width: 1600px) 100vw, 1600px\" \/><\/figure>\n\n\n\n<h5 class=\"has-text-align-center wp-block-heading\"><a href=\"https:\/\/www.youtube.com\/live\/tDjNvRkPoDo?si=cLAEbwGNpfeet_74\"><em>https:\/\/www.youtube.com\/live\/tDjNvRkPoDo?si=cLAEbwGNpfeet_74<\/em><\/a><\/h5>\n\n\n\n<p>Ciclo Introductorio 2022<\/p>\n\n\n\n<figure class=\"wp-block-embed is-type-video is-provider-youtube wp-block-embed-youtube\"><div class=\"wp-block-embed__wrapper\">\n<iframe loading=\"lazy\" title=\"ISFDA 814 ciclo introductorio 2022\" width=\"1200\" height=\"900\" src=\"https:\/\/www.youtube.com\/embed\/SpZ9zecul54?feature=oembed\" frameborder=\"0\" allow=\"accelerometer; autoplay; clipboard-write; encrypted-media; gyroscope; picture-in-picture; web-share\" allowfullscreen><\/iframe>\n<\/div><figcaption class=\"wp-element-caption\">Taller Intensivo: El camino de la zamba<\/figcaption><\/figure>\n\n\n\n<figure class=\"wp-block-embed is-type-video is-provider-youtube wp-block-embed-youtube\"><div class=\"wp-block-embed__wrapper\">\n<iframe loading=\"lazy\" title=\"Los caminos de la zamba con Silvia Zerbini en ISFDA 814 junio 2022 anexo El Hoyo, Chubut\" width=\"1200\" height=\"900\" src=\"https:\/\/www.youtube.com\/embed\/5uaLRr-7z6Y?feature=oembed\" frameborder=\"0\" allow=\"accelerometer; autoplay; clipboard-write; encrypted-media; gyroscope; picture-in-picture; web-share\" allowfullscreen><\/iframe>\n<\/div><figcaption class=\"wp-element-caption\">Profesora Silvia Zerbini<\/figcaption><\/figure>\n\n\n\n<p>Taller Art\u00edstico Integrador &#8211; Diciembre 2022<\/p>\n\n\n\n<figure class=\"wp-block-embed is-type-video is-provider-youtube wp-block-embed-youtube\"><div class=\"wp-block-embed__wrapper\">\n<iframe loading=\"lazy\" title=\"Taller integrador art\u00edstico del ISFDA 814, cierre diciembre 2022\" width=\"1200\" height=\"900\" src=\"https:\/\/www.youtube.com\/embed\/cTfPJCUWHow?feature=oembed\" frameborder=\"0\" allow=\"accelerometer; autoplay; clipboard-write; encrypted-media; gyroscope; picture-in-picture; web-share\" allowfullscreen><\/iframe>\n<\/div><figcaption class=\"wp-element-caption\">Profesoras Laura Alem &#8211; Cecilia Gonzalez<\/figcaption><\/figure>\n\n\n\n<p>Elenco de M\u00fasica Antigua<\/p>\n\n\n\n<figure class=\"wp-block-embed is-type-video is-provider-youtube wp-block-embed-youtube\"><div class=\"wp-block-embed__wrapper\">\n<iframe loading=\"lazy\" title=\"Elenco M\u00fasica Antigua 9\/12\/21\" width=\"1200\" height=\"675\" src=\"https:\/\/www.youtube.com\/embed\/Gxq9mKsRz4s?feature=oembed\" frameborder=\"0\" allow=\"accelerometer; autoplay; clipboard-write; encrypted-media; gyroscope; picture-in-picture; web-share\" allowfullscreen><\/iframe>\n<\/div><figcaption class=\"wp-element-caption\">Profesores Horacio Dolcini &#8211; Osvaldo Aguilera<\/figcaption><\/figure>\n\n\n\n<p>Ensamble de Guitarras &#8211; Grabaci\u00f3n &#8211; Diciembre 2022<\/p>\n\n\n\n<figure class=\"wp-block-embed is-type-video is-provider-youtube wp-block-embed-youtube\"><div class=\"wp-block-embed__wrapper\">\n<iframe loading=\"lazy\" title=\"Grabaci\u00f3n con el Ensamble de Guitarras del ISFDA 814, diciembre 2022.\" width=\"1200\" height=\"900\" src=\"https:\/\/www.youtube.com\/embed\/L8p8DcZHzLY?feature=oembed\" frameborder=\"0\" allow=\"accelerometer; autoplay; clipboard-write; encrypted-media; gyroscope; picture-in-picture; web-share\" allowfullscreen><\/iframe>\n<\/div><figcaption class=\"wp-element-caption\">Profesores Juan Cruz Ishikawa &#8211;  Alejandra Rispoli<\/figcaption><\/figure>\n\n\n\n<p>Elenco de Percusi\u00f3n y Danzas Folcl\u00f3ricas<\/p>\n\n\n\n<figure class=\"wp-block-embed is-type-video is-provider-youtube wp-block-embed-youtube\"><div class=\"wp-block-embed__wrapper\">\n<iframe loading=\"lazy\" title=\"Clase festejo 15\/9\/2022 Elenco percusi\u00f3n y Danzas Latinoamericanas\" width=\"1200\" height=\"900\" src=\"https:\/\/www.youtube.com\/embed\/dG1cPAmNZic?feature=oembed\" frameborder=\"0\" allow=\"accelerometer; autoplay; clipboard-write; encrypted-media; gyroscope; picture-in-picture; web-share\" allowfullscreen><\/iframe>\n<\/div><figcaption class=\"wp-element-caption\">Profesores Marcela Favazza &#8211; Lucas Sanchez<\/figcaption><\/figure>\n\n\n\n<p>Muestra Fav Artes Visuales &#8211; Casa de la Cultura 09\/12\/21<\/p>\n\n\n\n<figure class=\"wp-block-embed is-type-video is-provider-youtube wp-block-embed-youtube\"><div class=\"wp-block-embed__wrapper\">\n<iframe loading=\"lazy\" title=\"ISFDA 814 Muestra FAV Artes Visuales 9\/12\/2021 en Cultura Puelo\" width=\"1200\" height=\"900\" src=\"https:\/\/www.youtube.com\/embed\/WRWxgZXSU0U?feature=oembed\" frameborder=\"0\" allow=\"accelerometer; autoplay; clipboard-write; encrypted-media; gyroscope; picture-in-picture; web-share\" allowfullscreen><\/iframe>\n<\/div><figcaption class=\"wp-element-caption\">Coordinadora Profesora Ana Monjeau<\/figcaption><\/figure>\n\n\n\n<p>Ciclo Introductorio 2023<\/p>\n\n\n\n<figure class=\"wp-block-embed is-type-video is-provider-youtube wp-block-embed-youtube\"><div class=\"wp-block-embed__wrapper\">\n<iframe loading=\"lazy\" title=\"isfda 814 ciclo introductorio 2023\" width=\"1200\" height=\"900\" src=\"https:\/\/www.youtube.com\/embed\/WJ1SSM_CSDo?feature=oembed\" frameborder=\"0\" allow=\"accelerometer; autoplay; clipboard-write; encrypted-media; gyroscope; picture-in-picture; web-share\" allowfullscreen><\/iframe>\n<\/div><\/figure>\n\n\n\n<p>Banda de Rock &#8211; 09\/12\/21<\/p>\n\n\n\n<figure class=\"wp-block-embed is-type-video is-provider-youtube wp-block-embed-youtube\"><div class=\"wp-block-embed__wrapper\">\n<iframe loading=\"lazy\" title=\"Banda de rock ISFDA Nro 814 9\/12\/21\" width=\"1200\" height=\"675\" src=\"https:\/\/www.youtube.com\/embed\/x4kDsdZD0io?feature=oembed\" frameborder=\"0\" allow=\"accelerometer; autoplay; clipboard-write; encrypted-media; gyroscope; picture-in-picture; web-share\" allowfullscreen><\/iframe>\n<\/div><\/figure>\n","protected":false},"excerpt":{"rendered":"<p>El comienzo de nuestro instituto Banda de Rock, de Percusi\u00f3n y de Vientos en el Bicentenario El Bols\u00f3n https:\/\/www.youtube.com\/live\/tDjNvRkPoDo?si=cLAEbwGNpfeet_74 Ciclo Introductorio 2022 Taller Art\u00edstico Integrador &#8211; Diciembre 2022 Elenco de M\u00fasica Antigua Ensamble de Guitarras &#8211; Grabaci\u00f3n &#8211; Diciembre 2022 Elenco de Percusi\u00f3n y Danzas Folcl\u00f3ricas Muestra Fav Artes Visuales &#8211; Casa de la Cultura &#8230; <a title=\"Videos Institucionales\" class=\"read-more\" href=\"https:\/\/isfd814-chu.infd.edu.ar\/sitio\/videos-institucionales\/\" aria-label=\"More on Videos Institucionales\">[+]<\/a><\/p>\n","protected":false},"author":57,"featured_media":0,"parent":0,"menu_order":0,"comment_status":"closed","ping_status":"closed","template":"","meta":[],"acf":[],"_links":{"self":[{"href":"https:\/\/isfd814-chu.infd.edu.ar\/sitio\/wp-json\/wp\/v2\/pages\/3759"}],"collection":[{"href":"https:\/\/isfd814-chu.infd.edu.ar\/sitio\/wp-json\/wp\/v2\/pages"}],"about":[{"href":"https:\/\/isfd814-chu.infd.edu.ar\/sitio\/wp-json\/wp\/v2\/types\/page"}],"author":[{"embeddable":true,"href":"https:\/\/isfd814-chu.infd.edu.ar\/sitio\/wp-json\/wp\/v2\/users\/57"}],"replies":[{"embeddable":true,"href":"https:\/\/isfd814-chu.infd.edu.ar\/sitio\/wp-json\/wp\/v2\/comments?post=3759"}],"version-history":[{"count":11,"href":"https:\/\/isfd814-chu.infd.edu.ar\/sitio\/wp-json\/wp\/v2\/pages\/3759\/revisions"}],"predecessor-version":[{"id":4016,"href":"https:\/\/isfd814-chu.infd.edu.ar\/sitio\/wp-json\/wp\/v2\/pages\/3759\/revisions\/4016"}],"wp:attachment":[{"href":"https:\/\/isfd814-chu.infd.edu.ar\/sitio\/wp-json\/wp\/v2\/media?parent=3759"}],"curies":[{"name":"wp","href":"https:\/\/api.w.org\/{rel}","templated":true}]}}