{"id":1015,"date":"2018-07-02T18:39:30","date_gmt":"2018-07-02T21:39:30","guid":{"rendered":"https:\/\/isfd814-chu.infd.edu.ar\/sitio\/planes-de-estudio-2018\/"},"modified":"2025-12-04T21:07:31","modified_gmt":"2025-12-05T00:07:31","slug":"elencos-2","status":"publish","type":"page","link":"https:\/\/isfd814-chu.infd.edu.ar\/sitio\/elencos-2\/","title":{"rendered":"Elencos"},"content":{"rendered":"\n<p><\/p>\n\n\n\n<h2 class=\"wp-block-heading has-text-align-center\">OFERTA DE ELENCOS PARA EL A\u00d1O 2026<\/h2>\n\n\n\n<div class=\"wp-block-file\"><object class=\"wp-block-file__embed\" data=\"https:\/\/isfd814-chu.infd.edu.ar\/sitio\/wp-content\/uploads\/2025\/12\/OFERTA-FAV-ELENCOS-2026.pdf\" type=\"application\/pdf\" style=\"width:100%;height:600px\" aria-label=\"Incrustado de OFERTA FAV ELENCOS 2026.\"><\/object><a id=\"wp-block-file--media-24bd7c78-098d-448b-a64d-3fd7948c4b35\" href=\"https:\/\/isfd814-chu.infd.edu.ar\/sitio\/wp-content\/uploads\/2025\/12\/OFERTA-FAV-ELENCOS-2026.pdf\">OFERTA FAV ELENCOS 2026<\/a><a href=\"https:\/\/isfd814-chu.infd.edu.ar\/sitio\/wp-content\/uploads\/2025\/12\/OFERTA-FAV-ELENCOS-2026.pdf\" class=\"wp-block-file__button wp-element-button\" download aria-describedby=\"wp-block-file--media-24bd7c78-098d-448b-a64d-3fd7948c4b35\">Descarga<\/a><\/div>\n\n\n\n<div class=\"wp-block-file\"><object class=\"wp-block-file__embed\" data=\"https:\/\/isfd814-chu.infd.edu.ar\/sitio\/wp-content\/uploads\/2025\/12\/FAV-ORQUESTA-2026.pdf\" type=\"application\/pdf\" style=\"width:100%;height:600px\" aria-label=\"Incrustado de FAV ORQUESTA 2026.\"><\/object><a id=\"wp-block-file--media-bd073fa7-3af0-4405-b561-8f8f0351c4b0\" href=\"https:\/\/isfd814-chu.infd.edu.ar\/sitio\/wp-content\/uploads\/2025\/12\/FAV-ORQUESTA-2026.pdf\">FAV ORQUESTA 2026<\/a><a href=\"https:\/\/isfd814-chu.infd.edu.ar\/sitio\/wp-content\/uploads\/2025\/12\/FAV-ORQUESTA-2026.pdf\" class=\"wp-block-file__button wp-element-button\" download aria-describedby=\"wp-block-file--media-bd073fa7-3af0-4405-b561-8f8f0351c4b0\">Descarga<\/a><\/div>\n\n\n\n<hr class=\"wp-block-separator has-alpha-channel-opacity\"\/>\n\n\n\n<h3 class=\"wp-block-heading\"><span style=\"color: #333399;\"><strong>Los Elencos<\/strong><\/span><\/h3>\n\n\n\n<p>Los espacios de Elencos fueron creados para que les estudiantes del FAV transiten experiencias art\u00edsticas fortaleciendo all\u00ed los contenidos trabajados en otros espacios. Son&nbsp; instancias muy enriquecedoras.<\/p>\n\n\n\n<p>Tambi\u00e9n est\u00e1n abiertos a la comunidad y se pueden sumar aquelles que ya tienen una experiencia previa.<\/p>\n\n\n\n<p>Dentro de este proceso&nbsp; contamos con las instancias de salidas a escuelas con conciertos y muestras did\u00e1cticas en la b\u00fasqueda de compartir con les ni\u00f1ez y adolescentes todo lo que se genera dentro de los elencos pudiendo mostrar instrumentos que no se encuentran al alcance de todes o&nbsp; proceso creativos dentro del teatro. Tambi\u00e9n realizamos salidas a espacios culturales locales en forma de conciertos o espect\u00e1culos teatrales en la b\u00fasqueda de transitar el ida y vuelta con el espectador.&nbsp;<\/p>\n\n\n\n<figure class=\"wp-block-gallery has-nested-images columns-default is-cropped wp-block-gallery-1 is-layout-flex\">\n<figure class=\"wp-block-image size-large\"><img decoding=\"async\" loading=\"lazy\" width=\"1024\" height=\"1280\" data-id=\"6181\"  src=\"https:\/\/isfd814-chu.infd.edu.ar\/sitio\/wp-content\/uploads\/2025\/10\/Musica-Antigua.jpg\" alt=\"\" class=\"wp-image-6181\" srcset=\"https:\/\/isfd814-chu.infd.edu.ar\/sitio\/wp-content\/uploads\/2025\/10\/Musica-Antigua.jpg 1024w, https:\/\/isfd814-chu.infd.edu.ar\/sitio\/wp-content\/uploads\/2025\/10\/Musica-Antigua-800x1000.jpg 800w, https:\/\/isfd814-chu.infd.edu.ar\/sitio\/wp-content\/uploads\/2025\/10\/Musica-Antigua-768x960.jpg 768w\" sizes=\"(max-width: 1024px) 100vw, 1024px\" \/><\/figure>\n\n\n\n<figure class=\"wp-block-image size-large\"><img decoding=\"async\" loading=\"lazy\" width=\"1024\" height=\"1280\" data-id=\"6171\"  src=\"https:\/\/isfd814-chu.infd.edu.ar\/sitio\/wp-content\/uploads\/2025\/09\/IMG-20250930-WA0016.jpg\" alt=\"\" class=\"wp-image-6171\" srcset=\"https:\/\/isfd814-chu.infd.edu.ar\/sitio\/wp-content\/uploads\/2025\/09\/IMG-20250930-WA0016.jpg 1024w, https:\/\/isfd814-chu.infd.edu.ar\/sitio\/wp-content\/uploads\/2025\/09\/IMG-20250930-WA0016-800x1000.jpg 800w, https:\/\/isfd814-chu.infd.edu.ar\/sitio\/wp-content\/uploads\/2025\/09\/IMG-20250930-WA0016-768x960.jpg 768w\" sizes=\"(max-width: 1024px) 100vw, 1024px\" \/><\/figure>\n\n\n\n<figure class=\"wp-block-image size-large\"><img decoding=\"async\" loading=\"lazy\" width=\"1024\" height=\"1280\" data-id=\"6168\"  src=\"https:\/\/isfd814-chu.infd.edu.ar\/sitio\/wp-content\/uploads\/2025\/09\/FAV-Ensamble-Vocal-e-Instrumental.jpg\" alt=\"\" class=\"wp-image-6168\" srcset=\"https:\/\/isfd814-chu.infd.edu.ar\/sitio\/wp-content\/uploads\/2025\/09\/FAV-Ensamble-Vocal-e-Instrumental.jpg 1024w, https:\/\/isfd814-chu.infd.edu.ar\/sitio\/wp-content\/uploads\/2025\/09\/FAV-Ensamble-Vocal-e-Instrumental-800x1000.jpg 800w, https:\/\/isfd814-chu.infd.edu.ar\/sitio\/wp-content\/uploads\/2025\/09\/FAV-Ensamble-Vocal-e-Instrumental-768x960.jpg 768w\" sizes=\"(max-width: 1024px) 100vw, 1024px\" \/><\/figure>\n\n\n\n<figure class=\"wp-block-image size-large\"><img decoding=\"async\" loading=\"lazy\" width=\"1024\" height=\"1280\" data-id=\"6169\"  src=\"https:\/\/isfd814-chu.infd.edu.ar\/sitio\/wp-content\/uploads\/2025\/09\/IMG-20250930-WA0012.jpg\" alt=\"\" class=\"wp-image-6169\" srcset=\"https:\/\/isfd814-chu.infd.edu.ar\/sitio\/wp-content\/uploads\/2025\/09\/IMG-20250930-WA0012.jpg 1024w, https:\/\/isfd814-chu.infd.edu.ar\/sitio\/wp-content\/uploads\/2025\/09\/IMG-20250930-WA0012-800x1000.jpg 800w, https:\/\/isfd814-chu.infd.edu.ar\/sitio\/wp-content\/uploads\/2025\/09\/IMG-20250930-WA0012-768x960.jpg 768w\" sizes=\"(max-width: 1024px) 100vw, 1024px\" \/><\/figure>\n\n\n\n<figure class=\"wp-block-image size-large\"><img decoding=\"async\" loading=\"lazy\" width=\"1024\" height=\"1280\" data-id=\"6164\"  src=\"https:\/\/isfd814-chu.infd.edu.ar\/sitio\/wp-content\/uploads\/2025\/09\/IMG-20250930-WA0014.jpg\" alt=\"\" class=\"wp-image-6164\" srcset=\"https:\/\/isfd814-chu.infd.edu.ar\/sitio\/wp-content\/uploads\/2025\/09\/IMG-20250930-WA0014.jpg 1024w, https:\/\/isfd814-chu.infd.edu.ar\/sitio\/wp-content\/uploads\/2025\/09\/IMG-20250930-WA0014-800x1000.jpg 800w, https:\/\/isfd814-chu.infd.edu.ar\/sitio\/wp-content\/uploads\/2025\/09\/IMG-20250930-WA0014-768x960.jpg 768w\" sizes=\"(max-width: 1024px) 100vw, 1024px\" \/><\/figure>\n\n\n\n<figure class=\"wp-block-image size-large\"><img decoding=\"async\" loading=\"lazy\" width=\"1024\" height=\"1280\" data-id=\"6166\"  src=\"https:\/\/isfd814-chu.infd.edu.ar\/sitio\/wp-content\/uploads\/2025\/09\/IMG-20250930-WA0015.jpg\" alt=\"\" class=\"wp-image-6166\" srcset=\"https:\/\/isfd814-chu.infd.edu.ar\/sitio\/wp-content\/uploads\/2025\/09\/IMG-20250930-WA0015.jpg 1024w, https:\/\/isfd814-chu.infd.edu.ar\/sitio\/wp-content\/uploads\/2025\/09\/IMG-20250930-WA0015-800x1000.jpg 800w, https:\/\/isfd814-chu.infd.edu.ar\/sitio\/wp-content\/uploads\/2025\/09\/IMG-20250930-WA0015-768x960.jpg 768w\" sizes=\"(max-width: 1024px) 100vw, 1024px\" \/><\/figure>\n\n\n\n<figure class=\"wp-block-image size-large\"><img decoding=\"async\" loading=\"lazy\" width=\"1024\" height=\"1280\" data-id=\"6165\"  src=\"https:\/\/isfd814-chu.infd.edu.ar\/sitio\/wp-content\/uploads\/2025\/09\/IMG-20250930-WA0013.jpg\" alt=\"\" class=\"wp-image-6165\" srcset=\"https:\/\/isfd814-chu.infd.edu.ar\/sitio\/wp-content\/uploads\/2025\/09\/IMG-20250930-WA0013.jpg 1024w, https:\/\/isfd814-chu.infd.edu.ar\/sitio\/wp-content\/uploads\/2025\/09\/IMG-20250930-WA0013-800x1000.jpg 800w, https:\/\/isfd814-chu.infd.edu.ar\/sitio\/wp-content\/uploads\/2025\/09\/IMG-20250930-WA0013-768x960.jpg 768w\" sizes=\"(max-width: 1024px) 100vw, 1024px\" \/><\/figure>\n\n\n\n<figure class=\"wp-block-image size-large\"><img decoding=\"async\" loading=\"lazy\" width=\"1080\" height=\"1350\" data-id=\"6167\"  src=\"https:\/\/isfd814-chu.infd.edu.ar\/sitio\/wp-content\/uploads\/2025\/09\/FAV-Acordeones.jpg\" alt=\"\" class=\"wp-image-6167\" srcset=\"https:\/\/isfd814-chu.infd.edu.ar\/sitio\/wp-content\/uploads\/2025\/09\/FAV-Acordeones.jpg 1080w, https:\/\/isfd814-chu.infd.edu.ar\/sitio\/wp-content\/uploads\/2025\/09\/FAV-Acordeones-800x1000.jpg 800w, https:\/\/isfd814-chu.infd.edu.ar\/sitio\/wp-content\/uploads\/2025\/09\/FAV-Acordeones-768x960.jpg 768w\" sizes=\"(max-width: 1080px) 100vw, 1080px\" \/><\/figure>\n\n\n\n<figure class=\"wp-block-image size-large\"><img decoding=\"async\" loading=\"lazy\" width=\"1024\" height=\"1280\" data-id=\"6170\"  src=\"https:\/\/isfd814-chu.infd.edu.ar\/sitio\/wp-content\/uploads\/2025\/09\/IMG-20250930-WA0017.jpg\" alt=\"\" class=\"wp-image-6170\" srcset=\"https:\/\/isfd814-chu.infd.edu.ar\/sitio\/wp-content\/uploads\/2025\/09\/IMG-20250930-WA0017.jpg 1024w, https:\/\/isfd814-chu.infd.edu.ar\/sitio\/wp-content\/uploads\/2025\/09\/IMG-20250930-WA0017-800x1000.jpg 800w, https:\/\/isfd814-chu.infd.edu.ar\/sitio\/wp-content\/uploads\/2025\/09\/IMG-20250930-WA0017-768x960.jpg 768w\" sizes=\"(max-width: 1024px) 100vw, 1024px\" \/><\/figure>\n<\/figure>\n\n\n<div class=\"wp-block-image\">\n<figure class=\"aligncenter size-full is-resized\"><img decoding=\"async\" loading=\"lazy\" src=\"https:\/\/isfd814-chu.infd.edu.ar\/sitio\/wp-content\/uploads\/2023\/05\/Coro.jpg\" alt=\"\" class=\"wp-image-3448\" width=\"444\" height=\"444\" srcset=\"https:\/\/isfd814-chu.infd.edu.ar\/sitio\/wp-content\/uploads\/2023\/05\/Coro.jpg 1080w, https:\/\/isfd814-chu.infd.edu.ar\/sitio\/wp-content\/uploads\/2023\/05\/Coro-1000x1000.jpg 1000w, https:\/\/isfd814-chu.infd.edu.ar\/sitio\/wp-content\/uploads\/2023\/05\/Coro-500x500.jpg 500w, https:\/\/isfd814-chu.infd.edu.ar\/sitio\/wp-content\/uploads\/2023\/05\/Coro-768x768.jpg 768w\" sizes=\"(max-width: 444px) 100vw, 444px\" \/><\/figure><\/div>\n\n\n<p class=\"has-text-align-center has-medium-font-size\"><\/p>\n","protected":false},"excerpt":{"rendered":"<p>OFERTA DE ELENCOS PARA EL A\u00d1O 2026 Los Elencos Los espacios de Elencos fueron creados para que les estudiantes del FAV transiten experiencias art\u00edsticas fortaleciendo all\u00ed los contenidos trabajados en otros espacios. Son&nbsp; instancias muy enriquecedoras. Tambi\u00e9n est\u00e1n abiertos a la comunidad y se pueden sumar aquelles que ya tienen una experiencia previa. Dentro de &#8230; <a title=\"Elencos\" class=\"read-more\" href=\"https:\/\/isfd814-chu.infd.edu.ar\/sitio\/elencos-2\/\" aria-label=\"More on Elencos\">[+]<\/a><\/p>\n","protected":false},"author":57,"featured_media":0,"parent":0,"menu_order":0,"comment_status":"closed","ping_status":"closed","template":"","meta":[],"acf":[],"_links":{"self":[{"href":"https:\/\/isfd814-chu.infd.edu.ar\/sitio\/wp-json\/wp\/v2\/pages\/1015"}],"collection":[{"href":"https:\/\/isfd814-chu.infd.edu.ar\/sitio\/wp-json\/wp\/v2\/pages"}],"about":[{"href":"https:\/\/isfd814-chu.infd.edu.ar\/sitio\/wp-json\/wp\/v2\/types\/page"}],"author":[{"embeddable":true,"href":"https:\/\/isfd814-chu.infd.edu.ar\/sitio\/wp-json\/wp\/v2\/users\/57"}],"replies":[{"embeddable":true,"href":"https:\/\/isfd814-chu.infd.edu.ar\/sitio\/wp-json\/wp\/v2\/comments?post=1015"}],"version-history":[{"count":46,"href":"https:\/\/isfd814-chu.infd.edu.ar\/sitio\/wp-json\/wp\/v2\/pages\/1015\/revisions"}],"predecessor-version":[{"id":6514,"href":"https:\/\/isfd814-chu.infd.edu.ar\/sitio\/wp-json\/wp\/v2\/pages\/1015\/revisions\/6514"}],"wp:attachment":[{"href":"https:\/\/isfd814-chu.infd.edu.ar\/sitio\/wp-json\/wp\/v2\/media?parent=1015"}],"curies":[{"name":"wp","href":"https:\/\/api.w.org\/{rel}","templated":true}]}}